*o**3 - 2*o**2 - 2*o + 1. Let r(n) = 2*n - 2. Let a be r(2). Suppose 0 = -2*t + t + a. Is w(t) a prime number?
True
Let s be (-24)/(-11) + 2/(-11). Suppose u + 419 = s*u. Is u a composite number?
False
Let l = -1248 - -1835. Is l prime?
True
Is ((-11)/33)/(-1 - 8392/(-8394)) composite?
False
Suppose -2*k + 1 = j, 7 = -3*k + 4*j + 36. Suppose -6*a = -k*a. Suppose 5*y - 2*y + 5*g = 347, a = -5*g + 20. Is y prime?
True
Let t be 536/(-6)*(-12)/8. Suppose 2*o = o, 2*i - t = -4*o. Is i prime?
True
Suppose -2*y - 2*c = 2, 1 + 1 = 2*y + c. Let f be (-3)/(y/25)*1. Let b = f + 40. Is b composite?
True
Let p = 103 - 189. Let o = p - -151. Is o a prime number?
False
Is 21350/80 - (-1)/8 composite?
True
Let u(j) = j**3 - 11*j**2 + 13*j + 5. Let w be 16*3/(1 + 2). Suppose -24 = -4*g + w. Is u(g) a prime number?
False
Let t(b) = b + 5. Let s be t(0). Suppose s*o - 2*m - 21 = -5*m, m + 21 = 3*o. Is o a prime number?
False
Let k(s) be the first derivative of -63*s**4/4 - 2*s**3/3 - s**2/2 - s + 6. Is k(-2) a composite number?
True
Suppose 0 = -5*g + 147 + 123. Is g - 1*(-3)/3 a prime number?
False
Let x = 45 + 6. Is x composite?
True
Let p(v) = -v**2 + 45. Suppose -4*d - 2*b + 2 = 0, -4*d + 2*b = -0*b + 2. Let n be p(d). Let q = 112 - n. Is q composite?
False
Let k = -11 - -22. Is (-6)/(-1)*k/2 a composite number?
True
Let k = -18 - 4. Let y = k - -44. Is y a prime number?
False
Suppose 2*h + 25 = 7. Is (h/2 + 2)*-14 prime?
False
Let b = 11 + -8. Suppose -m = 4, -5*k + k - b*m = 0. Suppose -4*c - c - 5*j = -860, -k*c - 5*j + 522 = 0. Is c composite?
True
Let h(x) = -x. Let r be h(-3). Suppose 475 = r*w + 2*w. Is w prime?
False
Let h be (1 - 2)/(7/(-63)). Let v(c) = -c**3 + 8*c**2 + 11*c - 13. Let b be v(h). Suppose 0 = 3*d - t - 0*t - 94, 5*d + b*t - 190 = 0. Is d a composite number?
True
Let a(c) = c**2 - 3*c - 4. Let r be a(3). Let f = -2 - r. Is f composite?
False
Let t(g) = -3*g**3 + 6*g + 7 + g**3 - g**2 + 0*g**2 - 3*g**2. Let p(d) = -d**3 + 5*d**2 + 4*d + 7. Let l be p(6). Is t(l) composite?
False
Let s = 25 - 21. Is -11*(-1*s + -1) a composite number?
True
Let y(k) = -k**3 + 7*k**2 + 3*k - 7. Let h(b) = 2*b**3 - 3*b - b**3 + 4*b**2 + 4 + 0*b**3 + 5*b. Let f be h(-3). Is y(f) a prime number?
False
Let g(d) = 9*d**2 + 7*d - 6. Let a(m) = -18*m**2 - 13*m + 12. Let q(v) = -6*a(v) - 11*g(v). Let n be q(-5). Suppose 171 = 5*h - n. Is h a prime number?
False
Suppose 12 - 4 = -4*r. Let s = -7 - r. Let n = -3 - s. Is n a prime number?
True
Let g be (-2*1)/((-5)/55). Let y be 0 + -2 + g*1. Let m = 54 - y. Is m a composite number?
True
Let l be (-3)/((-3)/(-4)*-2). Suppose -x + 138 = -c - 0*c, -429 = -3*x - l*c. Suppose 0 = 2*r + r - x. Is r a composite number?
False
Suppose -18 - 24 = -2*x - 4*b, -4*x = -2*b - 74. Suppose 0*t + t - x = 0. Is t composite?
False
Let a(d) = 2*d**3 - 5*d**2 - 4*d + 4. Let o be a(3). Is o*((-236)/(-4) + 0) prime?
True
Let t(c) = -7*c**3 + 4*c**2 + 2*c + 3. Let h(u) = -u**3 + u + 1. Let v(r) = 4*h(r) - t(r). Is v(2) prime?
True
Suppose 7*t - 8 = 3*t. Suppose -5*s - 3*n = n - 18, t*n = 3*s - 2. Is (-51 - s)*(2 + -3) composite?
False
Let k be 4/(-4)*(-5)/1. Suppose 3*u = 5*f + 39, 5*f = -k*u + u - 18. Let y(g) = -g**3 - 4*g**2 - g + 1. Is y(f) a composite number?
False
Let s(n) = 29*n + 2 + 1 + 1. Let t(w) = -87*w - 12. Let i(q) = 17*s(q) + 6*t(q). Is i(-3) prime?
True
Let c = 2470 - 1733. Is c composite?
True
Let q be (5/3)/(-5)*-1869. Suppose 0*p + 2*s + 463 = 3*p, 0 = -4*p - 3*s + q. Is p a prime number?
False
Suppose 79 = m + 2*u, 0*m - 3*m = 4*u - 243. Is m prime?
False
Let f be (-1 + 1)*(7 - 6). Let a(c) = -2*c**2 - 3*c + 31. Let b(j) = -5*j**2 - 8*j + 93. Let z(o) = -8*a(o) + 3*b(o). Is z(f) a prime number?
True
Let t(j) = 2*j**2 - 6*j - 18. Is t(11) a prime number?
False
Let l = -106 + 45. Let g = l + 194. Is g a composite number?
True
Is ((-2)/3)/((-36)/1998) a composite number?
False
Is ((4 - 2)/4)/((-2)/(-620)) composite?
True
Suppose 14618 = 5*f - 0*f - k, -3*f + 5*k = -8784. Is f a composite number?
True
Let i(r) = -r**3 + 8*r**2 + 10*r - 7. Let w be i(9). Suppose -w*v + 0*v + 118 = 0. Is v a prime number?
True
Suppose 3*u = -3*o + 24, -4*u + 0 + 4 = -3*o. Suppose u*i = 3*i + 113. Is i prime?
True
Suppose -2*d - 123 = -2*h + h, 4*d = -h + 117. Is h prime?
False
Suppose 58 + 175 = y. Is y composite?
False
Let q(z) = z - 3. Let a = 39 + -22. Let g(s) = 2*s - 8. Let r(b) = a*q(b) - 6*g(b). Is r(2) composite?
False
Let q = 2383 + -1214. Is q prime?
False
Suppose w - 3*i + 4 - 28 = 0, i - 76 = -2*w. Suppose -2*f = 2*f - w. Is f prime?
False
Let w(v) = 68*v + 7. Let k = 12 - 9. Is w(k) a composite number?
False
Suppose 0*u = 4*u - 372. Is u composite?
True
Let k be ((-2)/(-6))/(1/3). Let j(f) = 36*f**3 + 1. Is j(k) prime?
True
Let z(h) = 2*h**2 - 3 + h**3 - h**2 - 5*h**2 + 3*h - 3. Let u be z(4). Is 580/u - 1/(-3) prime?
True
Suppose -3*l + 201 + 139 = 4*d, -3*d = -5*l - 226. Is d a prime number?
False
Let n be 2/4 + 15/10. Suppose 4*z - 2804 = n*q, -2*q + 3505 = 5*z + 2*q. Is z a prime number?
True
Suppose 4*n - 1887 = n. Suppose -w + n = 3*g + 3*w, -4*w = -g + 215. Is g a composite number?
False
Let p be ((-11)/(-33))/((-1)/(-3)). Is ((-574)/p)/((-2)/1) a composite number?
True
Let h be (-1 + 3)/(-2) + 8. Let o be (-28)/8*(-4)/h. Suppose o*t = -2*t + 476. Is t prime?
False
Let y(u) be the third derivative of 0 + 0*u**4 + 1/120*u**6 + 1/6*u**3 - 2*u**2 - 1/60*u**5 + 0*u. Is y(4) composite?
True
Suppose -2*c + 14 = 4*b, c + 28 = 2*b + 3*b. Suppose -b*h + 1 + 34 = 0. Is h a prime number?
True
Let f be (4 - 8)*1/1. Let v(m) = 2*m + 3*m**2 + 5 - m - 5*m**2 - 3*m**3. Is v(f) composite?
True
Is 2 - (2 - (-2 + 25)) a composite number?
False
Let a(p) = -9*p**3 - 3*p - 1. Let r be (-42)/(-9) - 2/3. Suppose n + r - 2 = 0. Is a(n) prime?
False
Suppose 5*z = -225 - 855. Let d = z - -358. Is d a prime number?
False
Suppose 0 = 23*c - 19*c + 24. Is (207/c)/(2/(-4)) a prime number?
False
Suppose -2*m + 0*u - 2*u + 116 = 0, 4*m - u = 222. Let l be 5/(-4)*(-7 + 3). Suppose -m = -c - y, -3*y = c - l*c + 245. Is c prime?
True
Suppose -3*y - 827 = -t, -2453 = -t - 2*t - 5*y. Is t a prime number?
True
Let j(b) = -6*b**2 + 14*b**2 - 3*b - 6*b**2 + 10*b**3. Is j(2) a prime number?
False
Suppose -h = 3, -o - 2*h + 72 + 808 = 0. Is o a prime number?
False
Let m be (-4)/6 + 11/3. Suppose 0 = 5*o - m*o - 74. Is o composite?
False
Suppose -p - 71 = 3*g, 5*g + p + 122 = 3*p. Let r(h) = 19*h - 4. Let b be r(-3). Let y = g - b. Is y prime?
True
Is 2*((-3108)/(-8) + -4) a prime number?
True
Let j(n) = -2*n - 3. Let o be j(-3). Suppose o*b + b = 8. Is (2/b)/((-2)/(-110)) prime?
False
Suppose 5*m - 835 = -0*m. Let p(i) = 16*i + 2. Let c be p(2). Let w = m - c. Is w composite?
True
Let s = -18 + 30. Let d be (-55)/22*s/(-10). Suppose -2*k + d*k = 89. Is k prime?
True
Suppose -5*k - 3*m + 110 = -6*m, 5*k - 4*m = 115. Is k prime?
True
Let q(i) = 3*i**2 - i + 1. Let p be q(1). Let t be -1*(-5 + 0/p). Suppose -t*z + 1090 = 285. Is z prime?
False
Suppose -4*a + 25 - 9 = 0. Suppose a*l - 1126 + 30 = -5*m, 4*l = 16. Suppose -3*v = 5*x - m, -v - 2*x = -3*v + 128. Is v a composite number?
False
Suppose 5*q - 14 - 21 = 0. Suppose -4*n - 24 = -q*n. Suppose 3*r + 2*v = 38, r + v - n = -2*v. Is r a composite number?
True
Suppose -5*f - 2*n + 1912 = 0, 5*n + 1905 = -0*f + 5*f. Is f a composite number?
True
Suppose -3*l + 26 + 97 = -3*y, y = -3*l + 119. Let b = 4 + -7. Let q = b + l. Is q composite?
False
Let y(p) = 2*p + 1. Let s be y(-1). Is s + 1 + 0 + 57 a prime number?
False
Suppose -3*p = -4*j - 16, -2 = 4*p - 3*p - 5*j. Let k(t) = 32*t + 6. Let w be k(p). Suppose 123 = 5*a - w. Is a a prime number?
False
Suppose 0 = -z + 3*p + 29, 7*z + 2*p = 4*z + 120. Is z a prime number?
False
Let g = -10 - -53. Let r = g + -10. Is r a prime number?
False
Let p = -1267 - -2704. Is p prime?
False
Suppose -3*f + 17 + 22 = 0. Let t = f + -8. Suppose 5*n = 170 + t. Is n a composite number?
True
Is 25602/14 - (-28)/98 prime?
False
Suppose x + 0*x - 3 = 2*k, 0 = 2*x + k + 19. Is (-149)/x - (-4)/(-14) composite?
True
Is 9/3*(-130)/(-15) composite?
True
Suppose j - 59 = 2*q, -j + 0*j = -5. Let h = -20 - q. Is h composite?
False
Let q = 2261 + -1560. Is q prime?
True
Let u = -4 + 5. Is 14 